{"id":475,"date":"2022-03-14T11:25:35","date_gmt":"2022-03-14T10:25:35","guid":{"rendered":"https:\/\/canistella.fr\/?page_id=475"},"modified":"2025-01-15T20:35:03","modified_gmt":"2025-01-15T19:35:03","slug":"mentions-legales","status":"publish","type":"page","link":"https:\/\/canistella.fr\/index.php\/mentions-legales\/","title":{"rendered":"Mentions l\u00e9gales"},"content":{"rendered":"<p>[et_pb_section fb_built=\u00a0\u00bb1&Prime; fullwidth=\u00a0\u00bbon\u00a0\u00bb _builder_version=\u00a0\u00bb4.16&Prime; background_color=\u00a0\u00bb#005DA9&Prime; use_background_color_gradient=\u00a0\u00bbon\u00a0\u00bb background_color_gradient_direction=\u00a0\u00bb330deg\u00a0\u00bb background_color_gradient_stops=\u00a0\u00bb#2ea3f2 0%|#2e6df4 100%\u00a0\u00bb background_color_gradient_start=\u00a0\u00bb#2ea3f2&Prime; background_color_gradient_end=\u00a0\u00bb#2e6df4&Prime; global_colors_info=\u00a0\u00bb{}\u00a0\u00bb][et_pb_fullwidth_header title=\u00a0\u00bbMentions l\u00e9gales\u00a0\u00bb subhead=\u00a0\u00bbCanistella\u00a0\u00bb content_max_width=\u00a0\u00bbnone\u00a0\u00bb _builder_version=\u00a0\u00bb4.16&Prime; background_color=\u00a0\u00bb#005DA9&Prime; global_colors_info=\u00a0\u00bb{}\u00a0\u00bb button_one_text_size__hover_enabled=\u00a0\u00bboff\u00a0\u00bb button_two_text_size__hover_enabled=\u00a0\u00bboff\u00a0\u00bb button_one_text_color__hover_enabled=\u00a0\u00bboff\u00a0\u00bb button_two_text_color__hover_enabled=\u00a0\u00bboff\u00a0\u00bb button_one_border_width__hover_enabled=\u00a0\u00bboff\u00a0\u00bb button_two_border_width__hover_enabled=\u00a0\u00bboff\u00a0\u00bb button_one_border_color__hover_enabled=\u00a0\u00bboff\u00a0\u00bb button_two_border_color__hover_enabled=\u00a0\u00bboff\u00a0\u00bb button_one_border_radius__hover_enabled=\u00a0\u00bboff\u00a0\u00bb button_two_border_radius__hover_enabled=\u00a0\u00bboff\u00a0\u00bb button_one_letter_spacing__hover_enabled=\u00a0\u00bboff\u00a0\u00bb button_two_letter_spacing__hover_enabled=\u00a0\u00bboff\u00a0\u00bb button_one_bg_color__hover_enabled=\u00a0\u00bboff\u00a0\u00bb button_two_bg_color__hover_enabled=\u00a0\u00bboff\u00a0\u00bb][\/et_pb_fullwidth_header][\/et_pb_section][et_pb_section fb_built=\u00a0\u00bb1&Prime; _builder_version=\u00a0\u00bb4.16&Prime; _module_preset=\u00a0\u00bbdefault\u00a0\u00bb global_colors_info=\u00a0\u00bb{}\u00a0\u00bb][et_pb_row _builder_version=\u00a0\u00bb4.16&Prime; _module_preset=\u00a0\u00bbdefault\u00a0\u00bb global_colors_info=\u00a0\u00bb{}\u00a0\u00bb][et_pb_column type=\u00a0\u00bb4_4&Prime; _builder_version=\u00a0\u00bb4.16&Prime; _module_preset=\u00a0\u00bbdefault\u00a0\u00bb global_colors_info=\u00a0\u00bb{}\u00a0\u00bb][et_pb_text _builder_version=\u00a0\u00bb4.17.3&Prime; _module_preset=\u00a0\u00bbdefault\u00a0\u00bb hover_enabled=\u00a0\u00bb0&Prime; global_colors_info=\u00a0\u00bb{}\u00a0\u00bb sticky_enabled=\u00a0\u00bb0&Prime;]<\/p>\n<ul>\n<li>Le site www.canistella.fr est la propri\u00e9t\u00e9 d\u2019Estelle AUBRY, inscrite au R\u00e9pertoire des M\u00e9tiers par la Chambre des M\u00e9tiers et de l\u2019Artisanat de Bordeaux (33) sous le num\u00e9ro Siret 905 0054 508 00015 et dont le si\u00e8ge social sis \u00e0 11 rue des poilus 33260 La Teste de Buch, repr\u00e9sentant la marque Canistella dont elle est propri\u00e9taire.<\/li>\n<li>Tel : +33 7 69 26 32 44<\/li>\n<li>Email : contact@canistella.com<\/li>\n<li>Directeur de publication :<br \/>Estelle AUBRY, en sa qualit\u00e9 de Propri\u00e9taire de CANISTELLA.<\/li>\n<li>H\u00e9bergeur du site : OVH Si\u00e8ge social : 2 rue Kellermann &#8211; 59100 Roubaix &#8211; France<\/li>\n<li>Conditions d\u2019utilisation du Site<br \/>L\u2019acc\u00e8s au Site ainsi que l\u2019utilisation de son contenu sont soumis aux conditions d\u2019utilisation d\u00e9crites ci-apr\u00e8s. Le fait d\u2019acc\u00e9der et de naviguer sur le Site constitue de la part de l\u2019Utilisateur une acceptation sans r\u00e9serve des stipulations dispositions suivantes.<\/li>\n<li>Donn\u00e9es personnelles et cookies<br \/>L\u2019Utilisateur est invit\u00e9 \u00e0 consulter la page d\u00e9di\u00e9e : Politique de gestion des donn\u00e9es personnelles et des cookies, destin\u00e9e \u00e0 le renseigner sur la gestion de ses donn\u00e9es personnelles et des cookies utilis\u00e9s dans le cadre du site www.canistella.fr<\/li>\n<li>Modification des conditions d\u2019utilisation du Site<br \/>CANISTELLA informe les Utilisateurs du Site que les pr\u00e9sentes conditions peuvent \u00eatre modifi\u00e9es \u00e0 tout moment, notamment aux fins de respecter toute nouvelle r\u00e9glementation ou l\u00e9gislation.<\/li>\n<li>Ces modifications sont publi\u00e9es par leur mise en ligne et sont r\u00e9put\u00e9es accept\u00e9es sans r\u00e9serve par tout Utilisateur qui acc\u00e8de post\u00e9rieurement \u00e0 leur mise en ligne.<\/li>\n<li>Droits de propri\u00e9t\u00e9 du Site<br \/>Hormis sur les \u00e9l\u00e9ments r\u00e9alis\u00e9s par des intervenants ext\u00e9rieurs au site et pour lesquels CANISTELLA ne dispose que d\u2019une simple licence d\u2019utilisation, CANISTELLA dispose des droits exclusifs de propri\u00e9t\u00e9 intellectuelle sur l\u2019ensemble des contenus du Site en ce compris les textes, les graphismes, logiciels, photographies, images, vid\u00e9os, sons, noms, logos, marques, cr\u00e9ations et \u0153uvres prot\u00e9geables diverses, bases de donn\u00e9es, et plus g\u00e9n\u00e9ralement, sur l\u2019ensemble des \u00e9l\u00e9ments de conception du Site.<\/li>\n<li>L\u2019acc\u00e8s au Site conf\u00e8re \u00e0 l\u2019Utilisateur un droit d\u2019usage priv\u00e9 uniquement, non collectif et non exclusif.<\/li>\n<li>Ainsi, la reproduction de tous \u00e9l\u00e9ments publi\u00e9s sur le Site est seulement autoris\u00e9e aux fins exclusives d\u2019information et pour un usage strictement personnel et priv\u00e9.<\/li>\n<li>Toute reproduction int\u00e9grale ou partielle du Site ou de l\u2019un quelconque des \u00e9l\u00e9ments qui le composent, sur quelque support que ce soit, \u00e0 d\u2019autres fins que l\u2019usage personnel et priv\u00e9, et notamment commerciales, est strictement interdite et susceptible de constituer un d\u00e9lit de contrefa\u00e7on sanctionn\u00e9 p\u00e9nalement en France.<\/li>\n<li>Acc\u00e8s au Site \u2013 Responsabilit\u00e9<br \/>CANISTELLA s\u2019efforce de maintenir accessible le Site, sans pour autant \u00eatre tenue \u00e0 une obligation d\u2019y parvenir.<\/li>\n<li>Il est pr\u00e9cis\u00e9 qu\u2019\u00e0 des fins de maintenance, d\u2019\u00e9volution, de mises \u00e0 jour, et pour toutes autres raisons notamment d\u2019ordre technique, ind\u00e9pendante de la volont\u00e9 de CANISTELLA, telles que l\u2019interruption des services d\u2019\u00e9lectricit\u00e9 ou de t\u00e9l\u00e9communication, les d\u00e9faillances ou dysfonctionnements du r\u00e9seau Internet, les pannes\u2026, l\u2019acc\u00e8s au Site pourra \u00eatre interrompu sans que la responsabilit\u00e9 de CANISTELLA ne puisse \u00eatre engag\u00e9e.<\/li>\n<li>De m\u00eame, CANISTELLA ne pourra voir sa responsabilit\u00e9 engag\u00e9e quant aux dommages r\u00e9sultant de virus, de l\u2019intrusion frauduleuse d\u2019un tiers ayant entra\u00een\u00e9 une modification des donn\u00e9es, de tout programme ou application qui serait incompatible avec le mat\u00e9riel ou les logiciels utilis\u00e9s par l\u2019Utilisateur ainsi qu\u2019aux dommages subis par l\u2019Utilisateur du fait d\u2019une n\u00e9gligence ou faute de sa part ou de tout tiers.<\/li>\n<li>Liens hypertextes<br \/>Les sites ext\u00e9rieurs \u00e0 CANISTELLA ayant un lien hypertexte avec le pr\u00e9sent Site ne sont pas sous contr\u00f4le de CANISTELLA qui d\u00e9cline, par cons\u00e9quent, toute responsabilit\u00e9 quant \u00e0 leur contenu. L\u2019Utilisateur est seul responsable de leur utilisation.<\/li>\n<li>CANISTELLA interdit \u00e0 toute personne de mettre en place des liens hypertextes pointant vers le pr\u00e9sent Site sans son autorisation expresse et pr\u00e9alable. En toute hypoth\u00e8se, la mise en place de tels liens ne saurait engager la responsabilit\u00e9 de CANISTELLA.<\/li>\n<li>Droit applicable<br \/>Le pr\u00e9sent Site et les conditions d\u2019utilisation sont r\u00e9gis par le droit fran\u00e7ais. Sauf r\u00e8glement amiable, les juridictions fran\u00e7aises sont territorialement comp\u00e9tentes pour conna\u00eetre tout litige aff\u00e9rent au contenu et \u00e0 l\u2019utilisation du Site.<\/li>\n<li>RGPD :\n<p>Les informations recueillies sur ce site sont enregistr\u00e9es dans un\u00a0<span class=\"glossary-tooltips\" data-definition=\"fichier\"><span class=\"glossary-tooltips-title\">fichier<\/span><\/span>\u00a0informatis\u00e9 par Estelle AUBRY 11 rue des poilus 33260 La Teste de Buch<strong><span> \u00e0 des fins de communication<\/span><\/strong>. La\u00a0<span class=\"glossary-tooltips\" data-definition=\"base l\u00e9gale\"><span class=\"glossary-tooltips-title\">base l\u00e9gale<\/span><\/span>\u00a0du traitement est\u00a0<b>l&rsquo;int\u00e9r\u00eat l\u00e9gitime de l&rsquo;utilisateur du site.<\/b><\/p>\n<p>Les donn\u00e9es collect\u00e9es seront communiqu\u00e9es aux seuls destinataires suivants :<span>\u00a0<\/span><strong>Estelle AUBRY<\/strong><\/p>\n<p>Les donn\u00e9es sont conserv\u00e9es pendant<span>\u00a0<\/span><strong>[dur\u00e9e de conservation des donn\u00e9es pr\u00e9vue par le responsable du traitement ou crit\u00e8res permettant de la d\u00e9terminer]<\/strong>.<\/p>\n<p>Vous pouvez acc\u00e9der aux donn\u00e9es vous concernant, les rectifier, demander leur effacement ou exercer votre droit \u00e0 la limitation du traitement de vos donn\u00e9es.<span>\u00a0<\/span><strong>(en fonction de la base l\u00e9gale du traitement, mentionner\u00a0\u00e9galement : Vous pouvez retirer \u00e0 tout moment votre consentement au traitement de vos donn\u00e9es\u00a0; Vous pouvez \u00e9galement vous opposer au traitement de vos donn\u00e9es\u00a0; Vous pouvez \u00e9galement exercer votre droit \u00e0 la portabilit\u00e9 de vos donn\u00e9es)<\/strong><\/p>\n<p>Consultez le site\u00a0cnil.fr pour plus d\u2019informations sur vos droits.<\/p>\n<p>Pour exercer ces droits ou pour toute question sur le traitement de vos donn\u00e9es dans ce dispositif, vous pouvez contacter\u00a0<strong>(le cas \u00e9ch\u00e9ant, notre d\u00e9l\u00e9gu\u00e9 \u00e0 la protection des donn\u00e9es ou le service charg\u00e9 de l\u2019exercice de ces droits)\u00a0: [adresse \u00e9lectronique, postale, coordonn\u00e9es t\u00e9l\u00e9phoniques, etc.]<\/strong>\u00a0<\/p>\n<p>Si vous estimez, apr\u00e8s nous avoir contact\u00e9s, que vos droits \u00ab\u00a0Informatique et Libert\u00e9s\u00a0\u00bb ne sont pas respect\u00e9s, vous pouvez adresser une r\u00e9clamation \u00e0 la CNIL.<\/p>\n<\/li>\n<\/ul>\n<p>&nbsp;<\/p>\n<p>[\/et_pb_text][\/et_pb_column][\/et_pb_row][\/et_pb_section]<\/p>\n","protected":false},"excerpt":{"rendered":"<p>Le site www.canistella.fr est la propri\u00e9t\u00e9 d\u2019Estelle AUBRY, inscrite au R\u00e9pertoire des M\u00e9tiers par la Chambre des M\u00e9tiers et de l\u2019Artisanat de Bordeaux (33) sous le num\u00e9ro Siret 905 0054 508 00015 et dont le si\u00e8ge social sis \u00e0 11 rue des poilus 33260 La Teste de Buch, repr\u00e9sentant la marque Canistella dont elle est [&hellip;]<\/p>\n","protected":false},"author":1,"featured_media":0,"parent":0,"menu_order":0,"comment_status":"closed","ping_status":"closed","template":"","meta":{"_et_pb_use_builder":"on","_et_pb_old_content":"","_et_gb_content_width":"","footnotes":""},"class_list":["post-475","page","type-page","status-publish","hentry"],"yoast_head":"<!-- This site is optimized with the Yoast SEO plugin v27.5 - https:\/\/yoast.com\/product\/yoast-seo-wordpress\/ -->\n<title>Mentions l\u00e9gales - Canistella<\/title>\n<meta name=\"description\" content=\"Vous trouverez ici les Mentions l\u00e9gales de Canistella, microentreprise dirig\u00e9e par Estelle AUBRY, comportementaliste animalier chien et chat\" \/>\n<meta name=\"robots\" content=\"noindex, nofollow\" \/>\n<meta property=\"og:locale\" content=\"fr_FR\" \/>\n<meta property=\"og:type\" content=\"article\" \/>\n<meta property=\"og:title\" content=\"Mentions l\u00e9gales - Canistella\" \/>\n<meta property=\"og:description\" content=\"Vous trouverez ici les Mentions l\u00e9gales de Canistella, microentreprise dirig\u00e9e par Estelle AUBRY, comportementaliste animalier chien et chat\" \/>\n<meta property=\"og:url\" content=\"https:\/\/canistella.fr\/index.php\/mentions-legales\/\" \/>\n<meta property=\"og:site_name\" content=\"Canistella\" \/>\n<meta property=\"article:modified_time\" content=\"2025-01-15T19:35:03+00:00\" \/>\n<meta name=\"twitter:card\" content=\"summary_large_image\" \/>\n<meta name=\"twitter:label1\" content=\"Dur\u00e9e de lecture estim\u00e9e\" \/>\n\t<meta name=\"twitter:data1\" content=\"6 minutes\" \/>\n<script type=\"application\/ld+json\" class=\"yoast-schema-graph\">{\"@context\":\"https:\\\/\\\/schema.org\",\"@graph\":[{\"@type\":\"WebPage\",\"@id\":\"https:\\\/\\\/canistella.fr\\\/index.php\\\/mentions-legales\\\/\",\"url\":\"https:\\\/\\\/canistella.fr\\\/index.php\\\/mentions-legales\\\/\",\"name\":\"Mentions l\u00e9gales - Canistella\",\"isPartOf\":{\"@id\":\"https:\\\/\\\/canistella.fr\\\/#website\"},\"datePublished\":\"2022-03-14T10:25:35+00:00\",\"dateModified\":\"2025-01-15T19:35:03+00:00\",\"description\":\"Vous trouverez ici les Mentions l\u00e9gales de Canistella, microentreprise dirig\u00e9e par Estelle AUBRY, comportementaliste animalier chien et chat\",\"breadcrumb\":{\"@id\":\"https:\\\/\\\/canistella.fr\\\/index.php\\\/mentions-legales\\\/#breadcrumb\"},\"inLanguage\":\"fr-FR\",\"potentialAction\":[{\"@type\":\"ReadAction\",\"target\":[\"https:\\\/\\\/canistella.fr\\\/index.php\\\/mentions-legales\\\/\"]}]},{\"@type\":\"BreadcrumbList\",\"@id\":\"https:\\\/\\\/canistella.fr\\\/index.php\\\/mentions-legales\\\/#breadcrumb\",\"itemListElement\":[{\"@type\":\"ListItem\",\"position\":1,\"name\":\"Accueil\",\"item\":\"https:\\\/\\\/canistella.fr\\\/\"},{\"@type\":\"ListItem\",\"position\":2,\"name\":\"Mentions l\u00e9gales\"}]},{\"@type\":\"WebSite\",\"@id\":\"https:\\\/\\\/canistella.fr\\\/#website\",\"url\":\"https:\\\/\\\/canistella.fr\\\/\",\"name\":\"Canistella\",\"description\":\"Comportementaliste Canin et F\u00e9lin\",\"potentialAction\":[{\"@type\":\"SearchAction\",\"target\":{\"@type\":\"EntryPoint\",\"urlTemplate\":\"https:\\\/\\\/canistella.fr\\\/?s={search_term_string}\"},\"query-input\":{\"@type\":\"PropertyValueSpecification\",\"valueRequired\":true,\"valueName\":\"search_term_string\"}}],\"inLanguage\":\"fr-FR\"}]}<\/script>\n<!-- \/ Yoast SEO plugin. -->","yoast_head_json":{"title":"Mentions l\u00e9gales - Canistella","description":"Vous trouverez ici les Mentions l\u00e9gales de Canistella, microentreprise dirig\u00e9e par Estelle AUBRY, comportementaliste animalier chien et chat","robots":{"index":"noindex","follow":"nofollow"},"og_locale":"fr_FR","og_type":"article","og_title":"Mentions l\u00e9gales - Canistella","og_description":"Vous trouverez ici les Mentions l\u00e9gales de Canistella, microentreprise dirig\u00e9e par Estelle AUBRY, comportementaliste animalier chien et chat","og_url":"https:\/\/canistella.fr\/index.php\/mentions-legales\/","og_site_name":"Canistella","article_modified_time":"2025-01-15T19:35:03+00:00","twitter_card":"summary_large_image","twitter_misc":{"Dur\u00e9e de lecture estim\u00e9e":"6 minutes"},"schema":{"@context":"https:\/\/schema.org","@graph":[{"@type":"WebPage","@id":"https:\/\/canistella.fr\/index.php\/mentions-legales\/","url":"https:\/\/canistella.fr\/index.php\/mentions-legales\/","name":"Mentions l\u00e9gales - Canistella","isPartOf":{"@id":"https:\/\/canistella.fr\/#website"},"datePublished":"2022-03-14T10:25:35+00:00","dateModified":"2025-01-15T19:35:03+00:00","description":"Vous trouverez ici les Mentions l\u00e9gales de Canistella, microentreprise dirig\u00e9e par Estelle AUBRY, comportementaliste animalier chien et chat","breadcrumb":{"@id":"https:\/\/canistella.fr\/index.php\/mentions-legales\/#breadcrumb"},"inLanguage":"fr-FR","potentialAction":[{"@type":"ReadAction","target":["https:\/\/canistella.fr\/index.php\/mentions-legales\/"]}]},{"@type":"BreadcrumbList","@id":"https:\/\/canistella.fr\/index.php\/mentions-legales\/#breadcrumb","itemListElement":[{"@type":"ListItem","position":1,"name":"Accueil","item":"https:\/\/canistella.fr\/"},{"@type":"ListItem","position":2,"name":"Mentions l\u00e9gales"}]},{"@type":"WebSite","@id":"https:\/\/canistella.fr\/#website","url":"https:\/\/canistella.fr\/","name":"Canistella","description":"Comportementaliste Canin et F\u00e9lin","potentialAction":[{"@type":"SearchAction","target":{"@type":"EntryPoint","urlTemplate":"https:\/\/canistella.fr\/?s={search_term_string}"},"query-input":{"@type":"PropertyValueSpecification","valueRequired":true,"valueName":"search_term_string"}}],"inLanguage":"fr-FR"}]}},"_links":{"self":[{"href":"https:\/\/canistella.fr\/index.php\/wp-json\/wp\/v2\/pages\/475","targetHints":{"allow":["GET"]}}],"collection":[{"href":"https:\/\/canistella.fr\/index.php\/wp-json\/wp\/v2\/pages"}],"about":[{"href":"https:\/\/canistella.fr\/index.php\/wp-json\/wp\/v2\/types\/page"}],"author":[{"embeddable":true,"href":"https:\/\/canistella.fr\/index.php\/wp-json\/wp\/v2\/users\/1"}],"replies":[{"embeddable":true,"href":"https:\/\/canistella.fr\/index.php\/wp-json\/wp\/v2\/comments?post=475"}],"version-history":[{"count":10,"href":"https:\/\/canistella.fr\/index.php\/wp-json\/wp\/v2\/pages\/475\/revisions"}],"predecessor-version":[{"id":1672,"href":"https:\/\/canistella.fr\/index.php\/wp-json\/wp\/v2\/pages\/475\/revisions\/1672"}],"wp:attachment":[{"href":"https:\/\/canistella.fr\/index.php\/wp-json\/wp\/v2\/media?parent=475"}],"curies":[{"name":"wp","href":"https:\/\/api.w.org\/{rel}","templated":true}]}}